52?
True
Is 23 a factor of 23148366?
False
Is 10 a factor of 29885381?
False
Is 10 a factor of 98789086?
False
Is 30346316 a multiple of 52?
True
Does 139 divide 166562313?
False
Is 411144922 a multiple of 118?
True
Is 115 a factor of 63707711?
False
Is 128036608 a multiple of 320?
False
Is 327679864 a multiple of 376?
True
Is 114 a factor of 117374742?
True
Is 9 a factor of 206115710?
False
Does 1417 divide 82801016?
False
Does 2228 divide 5914729?
False
Is 3125 a factor of 1147881503?
False
Is 53474998 a multiple of 10?
False
Is 55 a factor of 735334099?
False
Does 1126 divide 115052428?
True
Is 218 a factor of 81922838?
False
Is 4164434745 a multiple of 835?
True
Does 1713 divide 2644856854?
False
Does 186 divide 201638508?
True
Is 1687 a factor of 14850661?
True
Does 544 divide 130641600?
True
Is 2796656924 a multiple of 375?
False
Is 97 a factor of 6787187?
True
Is 23 a factor of 680925485?
False
Is 412 a factor of 110038196?
True
Does 12 divide 251740755?
False
Is 30 a factor of 10709203?
False
Is 29791621 a multiple of 34?
False
Is 33179272 a multiple of 56?
True
Is 6442 a factor of 3652221038?
True
Is 36880475 a multiple of 1771?
False
Is 117 a factor of 39134169?
False
Is 1396616300 a multiple of 1982?
True
Is 13 a factor of 76461593?
True
Does 12 divide 1542651515?
False
Is 1817276505 a multiple of 165?
True
Is 34 a factor of 50610632?
True
Is 36428268 a multiple of 449?
True
Is 50 a factor of 77615550?
True
Is 4 a factor of 1691577?
False
Is 506 a factor of 377616158?
False
Is 5034320 a multiple of 80?
True
Does 24 divide 37986867?
False
Is 2306712 a multiple of 18?
False
Does 15 divide 39799305?
True
Is 11 a factor of 212738746?
True
Is 34092712 a multiple of 9?
False
Is 77512024 a multiple of 2162?
True
Is 363095769 a multiple of 1401?
True
Does 25 divide 16901275?
True
Is 10 a factor of 30584721?
False
Is 17 a factor of 397757007?
True
Is 1196897774 a multiple of 608?
False
Is 210596233 a multiple of 462?
False
Does 3246 divide 183830249?
False
Does 2133 divide 74358477?
False
Is 15946080 a multiple of 10?
True
Does 4571 divide 30541341?
False
Is 7490130 a multiple of 10?
True
Does 14 divide 139023192?
True
Is 9 a factor of 13342185?
True
Is 400538356 a multiple of 2312?
False
Is 50 a factor of 54656515?
False
Does 41 divide 551675582?
True
Is 118690346 a multiple of 178?
False
Is 958546520 a multiple of 10?
True
Is 15523058 a multiple of 19?
False
Is 721 a factor of 160474323?
False
Is 2195468807 a multiple of 3309?
False
Is 79 a factor of 12818510?
False
Is 9089600 a multiple of 184?
True
Is 139448416 a multiple of 31?
True
Is 4887 a factor of 1645189002?
True
Is 2646 a factor of 53801187?
False
Is 43593550 a multiple of 1430?
True
Does 201 divide 23250474?
True
Is 57935000 a multiple of 5000?
True
Is 339328985 a multiple of 3295?
True
Does 31 divide 2588013238?
True
Is 158 a factor of 118478512?
True
Does 7 divide 14173394?
False
Is 25 a factor of 224554976?
False
Is 10060843 a multiple of 14?
False
Is 186951766 a multiple of 118?
True
Is 3260 a factor of 116421120?
True
Is 460575774 a multiple of 54?
True
Is 21402000 a multiple of 1968?
True
Is 1529712700 a multiple of 151?
False
Is 50821398 a multiple of 3?
True
Is 127956208 a multiple of 439?
True
Is 108 a factor of 6888872?
False
Does 5 divide 59564605?
True
Is 5613570 a multiple of 510?
True
Does 397 divide 1162344143?
True
Is 27 a factor of 175748802?
False
Is 39335876 a multiple of 62?
False
Does 21 divide 1250157604?
False
Is 555224418 a multiple of 14?
True
Does 163 divide 8280933988?
True
Is 41876989 a multiple of 771?
False
Is 61 a factor of 135435860?
True
Does 235 divide 242042504?
False
Does 5 divide 150471206?
False
Is 396 a factor of 1715269248?
True
Is 2998 a factor of 3777692858?
True
Does 127 divide 26237692?
True
Does 430 divide 123281430?
True
Is 23 a factor of 1405906487?
True
Is 457743377 a multiple of 11?
False
Is 866518461 a multiple of 1177?
False
Is 114381 a multiple of 2?
False
Is 13398055 a multiple of 22?
False
Does 45 divide 54842809?
False
Does 239 divide 90620493?
False
Is 24 a factor of 43730928?
True
Is 13016004 a multiple of 6?
True
Does 8 divide 31766629?
False
Is 2474494 a multiple of 1507?
True
Does 700 divide 49554327?
False
Is 199287196 a multiple of 9?
False
Is 99 a factor of 37148562?
True
Is 82 a factor of 11639244?
True
Does 5 divide 12664610?
True
Does 45 divide 14315719?
False
Is 109 a factor of 19869937?
True
Is 53397076 a multiple of 932?
True
Does 10 divide 972947?
False
Is 134 a factor of 864740521?
False
Is 2277 a factor of 1721717541?
False
Is 1313 a factor of 21425521?
False
Does 6 divide 48353584?
False
Is 74 a factor of 565728668?
True
Does 56 divide 35012503?
False
Is 70 a factor of 33303898?
False
Is 2173 a factor of 264107673?
False
Is 25 a factor of 10388400?
True
Is 37 a factor of 244942664?
True
Does 101 divide 65686562?
True
Is 516 a factor of 29755729?
False
Does 949 divide 20458542?
True
Is 15 a factor of 571894890?
True
Is 89 a factor of 44608669?
True
Is 18954517 a multiple of 28?
False
Does 890 divide 3316131605?
False
Is 349030348 a multiple of 4?
True
Is 467294311 a multiple of 4559?
False
Does 31 divide 16225168?
False
Is 22958838 a multiple of 771?
True
Is 48916356 a multiple of 47?
False
Is 1947426165 a multiple of 12932?
False
Is 776544042 a multiple of 131?
False
Is 131518112 a multiple of 11?
True
Is 9 a factor of 183828801?
False
Is 175 a factor of 3493221?
False
Is 1048 a factor of 9886942?
False
Is 59 a factor of 3228825653?
False
Is 16455816 a multiple of 72?
True
Does 74 divide 78165951?
False
Is 6 a factor of 26605488?
True
Is 185707321 a multiple of 10?
False
Is 12 a factor of 40870632?
True
Does 666 divide 161759412?
True
Does 6 divide 678258309?
False
Does 282 divide 45961488?
True
Does 33 divide 83402583?
True
Does 201 divide 854490337?
False
Does 18 divide 36444072?
False
Is 124 a factor of 319276261?
False
Is 14 a factor of 8362270?
True
Is 11 a factor of 1060576973?
False
Does 519 divide 52838202?
False
Is 879 a factor of 294507192?
True
Is 10507714 a multiple of 1967?
True
Is 54930360 a multiple of 74?
False
Does 42 divide 61045236?
True
Is 8 a factor of 452383960?
True
Is 13 a factor of 59684391?
True
Does 173 divide 3084434?
False
Is 10758384 a multiple of 468?
True
Does 10 divide 73131938?
False
Is 31 a factor of 12449972?
True
Is 11 a factor of 1201970?
True
Does 3 divide 58637787?
True
Is 321421400 a multiple of 121?
False
Is 285046595 a multiple of 10?
False
Is 371485092 a multiple of 123?
True
Is 948959395 a multiple of 22?
False
Is 47531030 a multiple of 213?
False
Is 637 a factor of 14112479?
False
Does 123 divide 367175333?
False
Is 230434346 a multiple of 5?
False
Is 3315531024 a multiple of 19?
False
Does 1284 divide 5279188?
False
Is 1268270254 a multiple of 38?
True
Is 101590011 a multiple of 1173?
True
Is 2519 a factor of 242848929?
False
Is 2949641100 a multiple of 84?
True
Is 1552962484 a multiple of 31?
True
Does 91 divide 89799852?
False
Does 18 divide 21258558?
True
Does 81 divide 531435728?
False
Is 806 a factor of 2074747974?
True
Does 155 divide 72770020?
True
Does 250 divide 19530250?
True
Is 352916886 a multiple of 30?
False
Does 380 divide 44673180?
True
Does 10 divide 8061296?
False
Is 23707089 a multiple of 66?
False
Does 107 divide 4409725195?
True
Is 209230002 a multiple of 18?
True
Is 2480 a factor of 1701086246?
False
Is 35 a factor of 102689788?
False
Is 405639495 a multiple of 53?
False
Is 917 a factor of 56058615?
False
Is 2744 a factor of 4888031685?
False
Does 24 divide 100685630?
False
Does 2307 divide 240688382?
False
Does 445 divide 38249057?
False
Is 66 a factor of 2042054128?
False
Does 23 divide 236835491?
False
Is 134095585 a multiple of 10?
False
Is 291185742 a multiple of 106?
False
Is 27 a factor of 611307?
True
Is 9 a factor of 18442836?
True
Is 2303 a factor of 191107546?
True
Is 16744552 a multiple of 44?
True
Is 6 a factor of 2781551?
False
Does 12 divide 221823012?
True
Is 67091635 a multiple of 2239?
True
Is 44 a factor of 2573472?
True
Does 641 divide 18717131?
False
Is 21 a factor of 12234558?
True
Is 36808451 a multiple of 31?
False
Does 19 divide 20187586?
False
Is 285 a factor of 19738428?
False
Does 13 divide 41059109?
True
I